822. Calculate p(-73).
62
Let f(y) = -107196*y - 1071966. Calculate f(-10).
-6
Let j(a) = 2*a**3 - 3*a**2 + 124*a - 469. Calculate j(4).
107
Let j(s) = -2*s**3 + 71*s**2 - 265*s + 9345. Calculate j(35).
1295
Let v(i) = 32*i**3 - 11904*i**2 - 19*i + 7077. Determine v(372).
9
Let g(x) = 13*x**2 + 8454*x + 50261. Calculate g(-6).
5
Let s(u) = 3920*u + 15667. Give s(-4).
-13
Let t(z) = 18*z**2 - 2548*z - 49947. Give t(159).
-21
Let o(j) = 815610*j - 7340495. What is o(9)?
-5
Let w(m) = 33*m + 879. Determine w(-30).
-111
Let p(i) = 492*i + 21163. Calculate p(-43).
7
Let q(f) = 52*f**3 + 40*f + 41. What is q(-1)?
-51
Let q(m) = 10*m**2 - 53146*m + 689198. What is q(13)?
-10
Let n(a) = -1887*a + 6930. Give n(4).
-618
Let h(p) = -60*p + 2711. What is h(43)?
131
Let m(q) = 43510*q. Calculate m(0).
0
Let g(r) = -988*r**2 + 24711*r - 266. Give g(25).
9
Let p(r) = -266*r - 36492. Give p(-137).
-50
Let r(k) = 6165*k + 271575. What is r(-44)?
315
Let c(o) = 2*o**3 - 79*o**2 - 1489*o + 77. Calculate c(-14).
-49
Let s(f) = -21*f**2 + 379*f + 1301. Determine s(21).
-1
Let b(d) = d**2 + 87*d + 875. What is b(-12)?
-25
Let t(b) = 6414*b + 564420. Give t(-88).
-12
Let h(n) = -315*n + 26139. What is h(83)?
-6
Let q(j) = 4*j**2 - 1576*j + 42907. Determine q(29).
567
Let z(i) = -i**3 + 10*i**2 - 214*i - 1405. Determine z(-5).
40
Let f(m) = -2*m + 278. What is f(-91)?
460
Let t(o) = -114986*o + 3564587. What is t(31)?
21
Let g(l) = l**3 + 26*l**2 - 294*l - 3217. Determine g(-32).
47
Let b(f) = f**2 - 7*f - 115. Give b(-26).
743
Let b(u) = u**2 - 187*u - 6340. Calculate b(216).
-76
Let u(i) = -3*i**3 + 2*i**2 - 814*i + 2440. Determine u(3).
-65
Let k(b) = -33455*b**2 + 133814*b + 31. Calculate k(4).
7
Let g(c) = -134*c - 51730. Calculate g(-386).
-6
Let t(r) = -200282*r - 3204455. Determine t(-16).
57
Let j(r) = 2262*r + 31597. Determine j(-14).
-71
Let r(v) = 3*v**2 - 1969*v + 214560. Calculate r(138).
-30
Let m(r) = 14*r**2 - 96*r + 706. Give m(23).
5904
Let b(t) = 101492*t - 304459. Calculate b(3).
17
Let h(t) = -1225*t - 129027. Give h(-105).
-402
Let d(c) = -940*c - 10431. What is d(-6)?
-4791
Let g(q) = -q**2 + 1243*q + 8902. What is g(-7)?
152
Let u(j) = 8197*j - 10918409. What is u(1332)?
-5
Let z(j) = 754*j**3 - 3737*j**2 + 4*j - 2. Calculate z(5).
843
Let b(r) = -12*r**2 + 45*r - 219. Give b(-8).
-1347
Let t(x) = -252*x + 33569. What is t(133)?
53
Let i(t) = 3960*t + 150436. What is i(-38)?
-44
Let g(d) = 2995*d**2 - 5894*d. What is g(2)?
192
Let z(y) = 2*y**2 + 105*y - 5012. Determine z(-82).
-174
Let y(k) = k**2 - 67240*k + 537864. Determine y(8).
8
Let u(t) = -19*t**3 - 147*t**2 - 794*t - 12. Calculate u(-5).
2658
Let v(l) = 34*l**3 + 51*l**2 + 86*l - 21. Give v(-2).
-261
Let l(f) = 2*f**3 - 445*f**2 + 646*f - 193628. Give l(223).
159
Let c(o) = o**3 - 38*o**2 + 218*o - 830. Determine c(32).
2
Let v(k) = 567*k + 26092. Determine v(-46).
10
Let q(z) = -2*z**2 + 29*z - 98. What is q(-18)?
-1268
Let s(u) = 20*u**3 - 10*u**2 + u + 10. Determine s(-1).
-21
Let n(u) = 49202*u - 49153. Calculate n(1).
49
Let n(q) = 3*q**2 - 80*q - 2658. Calculate n(-22).
554
Let s(i) = 2*i**2 + 199*i + 1347. Calculate s(-8).
-117
Let k(x) = 11*x**2 + 511*x + 694. Determine k(-43).
-940
Let k(d) = -5447*d + 32687. What is k(6)?
5
Let b(o) = 108*o + 17780. Give b(-165).
-40
Let t(g) = 1256*g**2 + 90*g + 4. What is t(-1)?
1170
Let o(h) = -120*h**3 + 118918*h**2 + 1986*h - 3969. What is o(991)?
-5
Let a(f) = -223*f - 1307. What is a(-8)?
477
Let w(g) = -19*g**2 - 279*g - 608. What is w(-12)?
4
Let x(w) = 2*w**3 + 1092*w**2 - 5488*w + 12119. What is x(-551)?
-3
Let f(c) = 4068*c - 927502. What is f(228)?
2
Let q(n) = -36*n**2 - 1183*n + 155. Give q(-33).
-10
Let m(x) = -4050*x + 69059. Determine m(17).
209
Let w(x) = -4*x**2 - 668*x + 6281. What is w(-176)?
-55
Let k(r) = -155275*r - 621023. What is k(-4)?
77
Let b(l) = -2504*l - 97639. What is b(-39)?
17
Let s(l) = -l**3 - 79*l**2 + 1239*l + 2565. Calculate s(15).
0
Let c(i) = -1184*i - 17896. Give c(-13).
-2504
Let w(o) = -8633*o - 492105. What is w(-57)?
-24
Let q(b) = -11*b**3 - 46*b**2 + 25*b + 11. What is q(-5)?
111
Let i(w) = -188*w - 993. Determine i(-4).
-241
Let h(i) = 194*i + 11406. What is h(-45)?
2676
Let i(k) = -47*k**3 + 1739*k**2 + k + 398. Determine i(37).
435
Let k(h) = 2*h**2 + 117*h + 585. Determine k(-43).
-748
Let g(a) = a**3 - 28*a**2 + 17*a + 380. Calculate g(27).
110
Let y(i) = i**3 + 217*i**2 + 1247*i - 4126. What is y(-211)?
-117
Let w(q) = -q**3 + 75*q**2 + 64*q + 1439. Give w(76).
527
Let j(c) = -722*c**2 + 79*c - 240. Calculate j(0).
-240
Let g(p) = -p**3 + 147*p**2 - 3332*p - 25. Give g(28).
-25
Let s(q) = q**3 + 137*q**2 + 1267*q - 409. Calculate s(-127).
-28
Let i(k) = -545*k + 157316. Give i(288).
356
Let g(h) = 2*h**2 - 113*h + 1213. Calculate g(42).
-5
Let y(x) = -1333*x - 150678. What is y(-113)?
-49
Let x(u) = -u**2 + 95*u + 508. What is x(-6)?
-98
Let r(x) = -125891*x + 9441860. Determine r(75).
35
Let c(a) = -6169*a - 24614. Give c(-4).
62
Let k(l) = 170*l + 10337. Determine k(-51).
1667
Let c(v) = -7*v**3 + 902*v**2 + 136*v - 827. Calculate c(129).
76
Let d(a) = 2*a**2 + 536*a + 35550. Determine d(-148).
30
Let b(z) = 2*z**3 + 17*z**2 + 144*z + 676. Calculate b(-6).
-8
Let q(m) = 65*m**2 + 2023*m + 2040. Calculate q(-1).
82
Let r(k) = -k**3 - 34*k**2 - 170*k - 233. Give r(-4).
-33
Let k(a) = -2*a**2 + 940*a + 383260. Determine k(732).
-308
Let s(g) = -10081*g + 5000173. What is s(496)?
-3
Let g(d) = -d**3 + 7*d**2 + 3463*d - 17346. Calculate g(5).
19
Let c(u) = 5495*u - 390141. Calculate c(71).
4
Let a(l) = -9168*l + 2227850. Calculate a(243).
26
Let j(l) = -2*l**3 + 132*l**2 - 357*l - 65. Determine j(63).
1258
Let k(g) = 2*g**3 + 378*g**2 - 775*g - 2113. Determine k(-191).
-12
Let r(g) = -3607*g + 458088. Determine r(127).
-1
Let l(d) = d**2 - 108*d + 2157. Calculate l(88).
397
Let f(j) = 8084*j - 371918. Calculate f(46).
-54
Let g(n) = -558*n + 43. Determine g(-1).
601
Let h(g) = -34*g**2 - 1513*g + 1260. What is h(-45)?
495
Let g(l) = -60*l**2 - 1092*l - 80. Give g(-18).
136
Let s(p) = -38607*p - 7373912. Give s(-191).
25
Let b(w) = 2*w**3 + 228*w**2 + 1340*w + 4735. What is b(-108)?
-17
Let s(f) = 13*f**2 - 729*f - 10539. Give s(68).
1
Let c(k) = k**3 + 69*k**2 + 193*k + 1377. Give c(-67).
-2576
Let q(m) = 23110*m - 138899. Give q(6).
-239
Let h(n) = 7*n**2 - 116*n + 49. What is h(18)?
229
Let s(q) = -4*q**3 + 48*q**2 + 8*q + 75. What is s(13)?
-497
Let g(d) = 441*d - 232. Determine g(-4).
-1996
Let q(w) = 3*w**3 - 24*w**2 - 25*w + 162. Give q(6).
-204
Let o(j) = -2*j**2 + 20*j + 336. Give o(33).
-1182
Let t(r) = -2*r**2 - 379*r - 15714. What is t(-60)?
-174
Let g(a) = a**2 + 91*a + 360. What is g(-88)?
96
Let i(f) = f**3 + 158*f**2 + 2521*f + 79. What is i(-140)?
-61
Let h(c) = 769*c - 16642. Determine h(26).
3352
Let x(z) = -3427*z - 161846. What is x(-47)?
-777
Let v(b) = 2*b**2 + 763*b + 23655. Calculate v(-34).
25
Let q(b) = b**3 - 67*b**2 - 521*b + 134. What is q(74)?
-88
Let y(d) = -2*d**2 - 17911*d - 837393. What is y(-47)?
6
Let t(l) = -25170*l - 906114. Calculate t(-36).
6
Let q(h) = 623*h - 3828. Calculate q(7).
533
Let g(j) = -j**3 - 167*j**2 + 1029*j - 1913. Determine g(-173).
-356
Let j(f) = -1458*f - 27677. What is j(-19)?
25
Let b(s) = -2*s**3 + 37*s**2 - 118*s + 125. Calculate b(15).
-70
Let j(t) = -2*t**2 + 2425*t - 439011. Give j(991).
2
Let d(g) = 10*g**2 + 818*g - 9000. Give d(-92).
384
Let x(l) = l**3 - 34*l**2 - 190*l - 19. Determine x(-5).
-44
Let d(f) = f**2 + 76*f + 877. What is d(-15)?
-38
Let m(k) = 14226*k + 56719. Give m(-4).
-185
Let q(r) = 208895*r - 2924524. Determine q(14).
6
Let a(o) = -34*o**3 + 3945*o**2 - 103*o + 416. Give a(116).
1924
Let y(w) = -617*w**3 + 13*w**2 + 30*w + 31. What is y(-1)?
631
Let d(m) = 21*m**2 + 622*m - 622. Determine d(1).
21
Let t(l) = 2*l**2 - 685*l + 4813. What is t(7)?
116
Let u(f) = -2*f**3 + 36*f**2 + 119*f - 255. Determine u(21).
-402
Let a(x) = 173*x**2 + 58666*x + 6437. Give a(-339).
-4
Let v(n) = 285*n - 9270. What is v(31)?
-435
Let d(s) = 207*s - 106. Determine d(-8).
-1762
Let u(b) = -8*b**2 - 107*b + 3458. Calculate u(14).
392
Let a(w) = 20*w**3 + 188*w**2 + 29*w - 217. Give a(-9).
170
Let w(h) = 98*h + 63. De